{"id":7841,"date":"2023-03-22T21:39:19","date_gmt":"2023-03-22T21:39:19","guid":{"rendered":"https:\/\/pneuscross.com.br\/site\/?post_type=product&#038;p=7841"},"modified":"2025-04-14T20:15:37","modified_gmt":"2025-04-14T20:15:37","slug":"big-cross-195-x-65-x-15","status":"publish","type":"product","link":"https:\/\/pneuscross.com.br\/site\/product\/big-cross-195-x-65-x-15\/","title":{"rendered":"Pneu Big Cross"},"content":{"rendered":"<p>&nbsp;<\/p>\n<p>Despachamos para todo Brasil ou retirada na f\u00e1brica (Favor consultar disponibilidade de pronta entrega das mercadorias). Cotamos o seu frete sem compromisso.<\/p>\n<p>Pneu recapado a quente com borracha Vipal.<\/p>\n<p>Para mais informa\u00e7\u00f5es referente a modelos de pneus, medidas de pneus, cota\u00e7\u00f5es de frete e dentre outros assuntos entre em contato atrav\u00e9s do nosso n\u00famero:<\/p>\n<p>(Televendas) (31) 3461-6535<\/p>\n<p>ou entre em contato atrav\u00e9s do n\u00famero:<\/p>\n<p>(Whatsapp): (31) 9 9951-8454.<\/p>\n<p>Encomende o seu (Prazo de at\u00e9 4 dias para fabrica\u00e7\u00e3o) .<\/p>\n","protected":false},"excerpt":{"rendered":"<p>&nbsp; Despachamos para todo Brasil ou retirada na f\u00e1brica (Favor consultar disponibilidade de pronta entrega das mercadorias). Cotamos o seu frete sem compromisso. Pneu recapado a quente com borracha Vipal. Para mais informa\u00e7\u00f5es referente a modelos de pneus, medidas de pneus, cota\u00e7\u00f5es de frete e dentre outros assuntos entre em contato atrav\u00e9s do nosso n\u00famero: &hellip; <a href=\"https:\/\/pneuscross.com.br\/site\/product\/big-cross-195-x-65-x-15\/\" class=\"more-link\">Continue reading <span class=\"screen-reader-text\">Pneu Big Cross<\/span><\/a><\/p>\n","protected":false},"featured_media":8066,"template":"","meta":[],"product_cat":[129],"product_tag":[],"class_list":["post-7841","product","type-product","status-publish","has-post-thumbnail","hentry","product_cat-pneus"],"_links":{"self":[{"href":"https:\/\/pneuscross.com.br\/site\/wp-json\/wp\/v2\/product\/7841","targetHints":{"allow":["GET"]}}],"collection":[{"href":"https:\/\/pneuscross.com.br\/site\/wp-json\/wp\/v2\/product"}],"about":[{"href":"https:\/\/pneuscross.com.br\/site\/wp-json\/wp\/v2\/types\/product"}],"wp:featuredmedia":[{"embeddable":true,"href":"https:\/\/pneuscross.com.br\/site\/wp-json\/wp\/v2\/media\/8066"}],"wp:attachment":[{"href":"https:\/\/pneuscross.com.br\/site\/wp-json\/wp\/v2\/media?parent=7841"}],"wp:term":[{"taxonomy":"product_cat","embeddable":true,"href":"https:\/\/pneuscross.com.br\/site\/wp-json\/wp\/v2\/product_cat?post=7841"},{"taxonomy":"product_tag","embeddable":true,"href":"https:\/\/pneuscross.com.br\/site\/wp-json\/wp\/v2\/product_tag?post=7841"}],"curies":[{"name":"wp","href":"https:\/\/api.w.org\/{rel}","templated":true}]}}