{"id":7888,"date":"2023-03-22T23:19:55","date_gmt":"2023-03-22T23:19:55","guid":{"rendered":"https:\/\/pneuscross.com.br\/site\/?post_type=product&#038;p=7888"},"modified":"2025-04-14T20:08:40","modified_gmt":"2025-04-14T20:08:40","slug":"vj910-265-x-75-16","status":"publish","type":"product","link":"https:\/\/pneuscross.com.br\/site\/product\/vj910-265-x-75-16\/","title":{"rendered":"PC910 &#8211; Fazemos diversas medidas"},"content":{"rendered":"<div class=\"x11i5rnm xat24cr x1mh8g0r x1vvkbs xtlvy1s x126k92a\"><\/div>\n<div class=\"x11i5rnm xat24cr x1mh8g0r x1vvkbs xtlvy1s x126k92a\">\n<div dir=\"auto\"><\/div>\n<div dir=\"auto\"><\/div>\n<\/div>\n<div class=\"x11i5rnm xat24cr x1mh8g0r x1vvkbs xtlvy1s x126k92a\">\n<div dir=\"auto\">Despachamos para todo Brasil, frete por conta do comprador.<\/div>\n<div dir=\"auto\">Cotamos o seu frete sem compromisso <span class=\"x3nfvp2 x1j61x8r x1fcty0u xdj266r xhhsvwb xat24cr xgzva0m xxymvpz xlup9mm x1kky2od\"><img loading=\"lazy\" decoding=\"async\" src=\"https:\/\/static.xx.fbcdn.net\/images\/emoji.php\/v9\/t22\/1\/16\/260e.png\" alt=\"\u260e\ufe0f\" width=\"16\" height=\"16\" \/><\/span>.<\/div>\n<div dir=\"auto\"><\/div>\n<div dir=\"auto\">Pneu recapado a quente com borracha Vipal.<\/div>\n<div dir=\"auto\"><\/div>\n<div dir=\"auto\">Para mais informa\u00e7\u00f5es referente a modelos e medidas de pneus, simula\u00e7\u00f5es de frete, e dentre outros assuntos favor entrar em contato atrav\u00e9s do nosso n\u00famero<span class=\"x3nfvp2 x1j61x8r x1fcty0u xdj266r xhhsvwb xat24cr xgzva0m xxymvpz xlup9mm x1kky2od\"><img loading=\"lazy\" decoding=\"async\" src=\"https:\/\/static.xx.fbcdn.net\/images\/emoji.php\/v9\/t57\/1\/16\/1f4f1.png\" alt=\"\ud83d\udcf1\" width=\"16\" height=\"16\" \/><\/span>:<\/div>\n<div dir=\"auto\">(31) 9 9951-8454 (WhatsApp comercial)<\/div>\n<div dir=\"auto\">ou entre em contato atrav\u00e9s do nosso n\u00famero<\/div>\n<div dir=\"auto\">(Televendas) <span class=\"x3nfvp2 x1j61x8r x1fcty0u xdj266r xhhsvwb xat24cr xgzva0m xxymvpz xlup9mm x1kky2od\"><img loading=\"lazy\" decoding=\"async\" src=\"https:\/\/static.xx.fbcdn.net\/images\/emoji.php\/v9\/td8\/1\/16\/1f4f2.png\" alt=\"\ud83d\udcf2\" width=\"16\" height=\"16\" \/><\/span><span class=\"x3nfvp2 x1j61x8r x1fcty0u xdj266r xhhsvwb xat24cr xgzva0m xxymvpz xlup9mm x1kky2od\"><img loading=\"lazy\" decoding=\"async\" src=\"https:\/\/static.xx.fbcdn.net\/images\/emoji.php\/v9\/t22\/1\/16\/260e.png\" alt=\"\u260e\ufe0f\" width=\"16\" height=\"16\" \/><\/span>: (31) 3461-6535 (WhatsApp e liga\u00e7\u00e3o).<\/div>\n<\/div>\n<div class=\"x11i5rnm xat24cr x1mh8g0r x1vvkbs xtlvy1s x126k92a\">\n<div dir=\"auto\">Qualidade e pre\u00e7o voc\u00ea s\u00f3 encontra aqui na Pneus Cross.<\/div>\n<\/div>\n","protected":false},"excerpt":{"rendered":"<p>Despachamos para todo Brasil, frete por conta do comprador. Cotamos o seu frete sem compromisso . Pneu recapado a quente com borracha Vipal. Para mais informa\u00e7\u00f5es referente a modelos e medidas de pneus, simula\u00e7\u00f5es de frete, e dentre outros assuntos favor entrar em contato atrav\u00e9s do nosso n\u00famero: (31) 9 9951-8454 (WhatsApp comercial) ou entre &hellip; <a href=\"https:\/\/pneuscross.com.br\/site\/product\/vj910-265-x-75-16\/\" class=\"more-link\">Continue reading <span class=\"screen-reader-text\">PC910 &#8211; Fazemos diversas medidas<\/span><\/a><\/p>\n","protected":false},"featured_media":7887,"template":"","meta":[],"product_cat":[129],"product_tag":[],"class_list":["post-7888","product","type-product","status-publish","has-post-thumbnail","hentry","product_cat-pneus"],"_links":{"self":[{"href":"https:\/\/pneuscross.com.br\/site\/wp-json\/wp\/v2\/product\/7888","targetHints":{"allow":["GET"]}}],"collection":[{"href":"https:\/\/pneuscross.com.br\/site\/wp-json\/wp\/v2\/product"}],"about":[{"href":"https:\/\/pneuscross.com.br\/site\/wp-json\/wp\/v2\/types\/product"}],"wp:featuredmedia":[{"embeddable":true,"href":"https:\/\/pneuscross.com.br\/site\/wp-json\/wp\/v2\/media\/7887"}],"wp:attachment":[{"href":"https:\/\/pneuscross.com.br\/site\/wp-json\/wp\/v2\/media?parent=7888"}],"wp:term":[{"taxonomy":"product_cat","embeddable":true,"href":"https:\/\/pneuscross.com.br\/site\/wp-json\/wp\/v2\/product_cat?post=7888"},{"taxonomy":"product_tag","embeddable":true,"href":"https:\/\/pneuscross.com.br\/site\/wp-json\/wp\/v2\/product_tag?post=7888"}],"curies":[{"name":"wp","href":"https:\/\/api.w.org\/{rel}","templated":true}]}}