{"id":8106,"date":"2023-04-10T19:54:54","date_gmt":"2023-04-10T19:54:54","guid":{"rendered":"https:\/\/pneuscross.com.br\/site\/?post_type=product&#038;p=8106"},"modified":"2025-04-14T20:06:07","modified_gmt":"2025-04-14T20:06:07","slug":"pneu-all-terrain-fazemos-diversas-medidas","status":"publish","type":"product","link":"https:\/\/pneuscross.com.br\/site\/product\/pneu-all-terrain-fazemos-diversas-medidas\/","title":{"rendered":"Pneu All-Terrain &#8211; Fazemos diversas medidas"},"content":{"rendered":"<p>&nbsp;<\/p>\n<p>Despachamos para todo Brasil \ud83d\ude9b \ud83c\udde7\ud83c\uddf7, cotamos o seu frete sem compromisso.<\/p>\n<p>Consulte outras medidas dispon\u00edveis.<\/p>\n<p>Pneu reformado a frio com borracha Vipal.<\/p>\n<p>Para mais informa\u00e7\u00f5es referente a modelos e medidas de pneus, simula\u00e7\u00f5es de frete, e dentre outros assuntos favor entrar em contato atrav\u00e9s do n\u00famero:<\/p>\n<p>\ud83d\udcf2 (31) 9 9951-8454 (Whatsapp Comercial)<\/p>\n<p>ou entre em contato atrav\u00e9s do n\u00famero<\/p>\n<p>(Televendas): \u260e\ufe0f (31) 3461-6535.<\/p>\n<p>Qualidade e pre\u00e7o voc\u00ea s\u00f3 encontra aqui na Pneus Cross.<\/p>\n","protected":false},"excerpt":{"rendered":"<p>&nbsp; Despachamos para todo Brasil \ud83d\ude9b \ud83c\udde7\ud83c\uddf7, cotamos o seu frete sem compromisso. Consulte outras medidas dispon\u00edveis. Pneu reformado a frio com borracha Vipal. Para mais informa\u00e7\u00f5es referente a modelos e medidas de pneus, simula\u00e7\u00f5es de frete, e dentre outros assuntos favor entrar em contato atrav\u00e9s do n\u00famero: \ud83d\udcf2 (31) 9 9951-8454 (Whatsapp Comercial) ou &hellip; <a href=\"https:\/\/pneuscross.com.br\/site\/product\/pneu-all-terrain-fazemos-diversas-medidas\/\" class=\"more-link\">Continue reading <span class=\"screen-reader-text\">Pneu All-Terrain &#8211; Fazemos diversas medidas<\/span><\/a><\/p>\n","protected":false},"featured_media":8107,"template":"","meta":[],"product_cat":[15],"product_tag":[],"class_list":["post-8106","product","type-product","status-publish","has-post-thumbnail","hentry","product_cat-uncategorized"],"_links":{"self":[{"href":"https:\/\/pneuscross.com.br\/site\/wp-json\/wp\/v2\/product\/8106","targetHints":{"allow":["GET"]}}],"collection":[{"href":"https:\/\/pneuscross.com.br\/site\/wp-json\/wp\/v2\/product"}],"about":[{"href":"https:\/\/pneuscross.com.br\/site\/wp-json\/wp\/v2\/types\/product"}],"wp:featuredmedia":[{"embeddable":true,"href":"https:\/\/pneuscross.com.br\/site\/wp-json\/wp\/v2\/media\/8107"}],"wp:attachment":[{"href":"https:\/\/pneuscross.com.br\/site\/wp-json\/wp\/v2\/media?parent=8106"}],"wp:term":[{"taxonomy":"product_cat","embeddable":true,"href":"https:\/\/pneuscross.com.br\/site\/wp-json\/wp\/v2\/product_cat?post=8106"},{"taxonomy":"product_tag","embeddable":true,"href":"https:\/\/pneuscross.com.br\/site\/wp-json\/wp\/v2\/product_tag?post=8106"}],"curies":[{"name":"wp","href":"https:\/\/api.w.org\/{rel}","templated":true}]}}